-7
What is the value of -5 + 0 + -1 + 8?
2
What is the value of -8 + -11 + (10 - -1)?
-8
What is 2 + -2 + -3 - -1?
-2
What is the value of 0 - (-1 + -2) - (-8 - -11)?
0
-3 + (6 - (-11 - -3 - -4))
7
Evaluate 3 + -10 + 12 + -4.
1
Evaluate 4 + -6 + (2 - -2) + 2.
4
Calculate -1 + (3 + 3 - (15 - 3)).
-7
What is -2 - (0 + -1 + -5) - -2?
6
What is the value of 39 - 35 - (-1 + 5) - -6?
6
What is the value of -13 + 4 - (1 + -3)?
-7
-53 - -48 - (0 - 16) - 6
5
What is the value of -6 + (14 - (-7 - -10))?
5
Calculate (9 - 0) + (-17 - -14) - 13.
-7
Evaluate -3 + 5 + -4 - (-7 + 2).
3
Calculate 2 + 4 + -5 - (-2 - 1).
4
Evaluate -1 - (-1 - -1 - 5 - -4).
0
8 + (-1 - (-1 + 4))
4
What is the value of -4 + -2 + (5 - 7) + 2?
-6
What is (6 - 7) + -4 + 5?
0
Evaluate 9 - (-1 + 1) - (-5 + 10).
4
What is (7 - 2) + 1 - (-16 - -18)?
4
What is the value of 8 + 7 + (-5 - -3) - 6?
7
What is 4 + -1 + 0 + 1 - 4?
0
What is the value of -35 + 31 - (-1 + -1) - 3?
-5
2 - (11 + -5) - (-1 - 2)
-1
Calculate 1 + 3 + -8 + (-1 - -3).
-2
Calculate 0 - (17 + -10 - 11).
4
Calculate 0 + 1 + (1 + 4 - 2).
4
(2 - (10 + -5)) + 0 + 3
0
What is the value of 2 - 9 - (-8 - (7 + -15))?
-7
-13 + (19 + -3 - 7)
-4
What is the value of 0 - (-9 + 4 + 0)?
5
What is 7 + -12 + -4 - -5?
-4
Calculate 0 + 1 + 3 + -2 + -6.
-4
Calculate -1 + 2 + -12 + 3 + 6.
-2
Calculate -8 + 10 - (0 + -5 + 0).
7
Calculate -1 + -14 + 6 + 4.
-5
Calculate 2 - 6 - (-4 - (5 + -8)).
-3
(-9 - (-2 - -5)) + 7
-5
What is 4 - 1 - (-1 + -1 + 4)?
1
Calculate -2 - 1 - (-1 + 3).
-5
-4 - (-4 + 1 + 2)
-3
What is the value of 257 + -245 - ((1 - 0) + 6)?
5
Evaluate (8 - 16) + 3 + -2 + -2.
-9
Calculate 8 + 1 - (12 - 7) - 4.
0
What is the value of (1 - (1 + -2)) + -6?
-4
Evaluate 2 - (-8 - 0 - -8).
2
What is the value of 4 - 6 - (-2 - 2)?
2
Calculate 1 + -2 + 1 - (7 + -10).
3
What is -1 - (-3 + -2 + 6 + -1)?
-1
Calculate (-2 - -1) + -1 - (-7 - -3).
2
Calculate -2 + (-11 - -9) + (0 - 0).
-4
What is 10 + (-12 - (9 - 6))?
-5
What is 7 + (1 - -12) + -23?
-3
Evaluate (11 - 1 - 4) + -3.
3
What is the value of -5 + -2 + (2 - (1 - 2))?
-4
Calculate -4 - -13 - (1 + 12).
-4
Evaluate -7 - (0 - 4 - (7 - 9)).
-5
Evaluate (-3 - -4) + 3 + (-5 - -3).
2
Calculate 1 - 1 - (-13 + 2 + 7).
4
7 - 4 - (0 + 8)
-5
What is the value of (2 - 5 - -2) + 2 + 0?
1
Evaluate -4 + 1 + -3 + 5.
-1
What is -11 - (7 + -10) - -9?
1
What is the value of (-7 - 0) + 14 + (0 - 16)?
-9
What is the value of 93 + -93 + (0 - -1)?
1
(-19 - -2) + 12 - 4
-9
Evaluate 1 + (1 - 3 - 0) - 2.
-3
What is the value of 10 - (-3 + 10 + 4)?
-1
What is (-6 - -6) + 1 - -5?
6
What is -2 + 2 + (-9 - -2 - -9)?
2
What is 4 + (-4 - -1) + -8 + 6?
-1
What is the value of -8 - (-1 + -23 - -9)?
7
What is -3 - ((-7 - -11) + -6)?
-1
11 + 10 + -10 + -4
7
Evaluate (-6 + 6 - 2) + 2.
0
Evaluate -2 + -5 - (0 + -5).
-2
What is (11 + -4 - (2 + 2)) + -6?
-3
Evaluate 4 - 1 - 3 - (10 - 12).
2
Evaluate -3 + ((-1 - 1) + 2 - -1).
-2
Calculate -7 - (-15 + 9) - (0 - -1).
-2
What is the value of 114 + -133 - (-1 - 9)?
-9
What is the value of -1 + 1 + (-27 - -33)?
6
Calculate -4 + 0 + 6 + 9 + -10.
1
1 - 4 - (98 + -97)
-4
What is (-7 - -1 - 4) + 11?
1
What is the value of -1 + 0 + 33 + -37?
-5
What is the value of (4 - 3) + 4 - (9 - 0)?
-4
Evaluate 3 + (3 - (10 - 2)) - -1.
-1
Evaluate 10 + -9 - -7 - 9.
-1
What is the value of -8 + 4 + 1 + -2?
-5
(3 + -6 - -4) + -6
-5
What is -1 + 0 - (-2 - (-2 + 5))?
4
Calculate 2 + 2 + -7 + 4.
1
Calculate -4 - (-1 + -5 - -8).
-6
Calculate -13 + (4 + -3 - -6) + -5.
-11
Calculate 0 - -1 - (99 - 95).
-3
Evaluate -3 - -9 - (6 - -6).
-6
Evaluate 11 + -8 + (1 + -2 - -1).
3
What is the value of 2 - (-3 + 5) - -2?
2
1 + -2 - (10 + (-7 - 2))
-2
-5 + 11 + -10 + 4
0
What is the value of -4 - (-1 + 0) - (17 + -23)?
3
What is the value of (9 - 0) + (-4 - (-6 + 7))?
4
3 - (-10 + 19 + 1)
-7
Calculate -11 + 10 + -3 + 0.
-4
Evaluate -1 + (7 - 6) + 1.
1
Calculate 2 + (-2 - 1 - -3) - 4.
-2
Evaluate 8 - (-1 + 2) - (-2 + 6).
3
2 + (-7 - (3 + -4))
-4
Evaluate 3 + 0 + -3 - (1 + -4).
3
What is the value of -4 + (1 + 2 - 2)?
-3
-17 + 2 + 15 + -8
-8
Calculate 7 + -6 - (1 + 1).
-1
Calculate -16 - (-19 - 3) - (-1 + 5).
2
Calculate -4 + 3 + -9 + 7.
-3
Calculate (-1 - 8) + -6 + 0 + 11.
-4
Calculate 3 - (1 + 1 - (-13 - -11)).
-1
Calculate -1 + 1 - (11 + -2 - 5).
-4
Calculate 9 - (0 - 7 - -2) - 5.
9
What is 1 - (4 - 8 - -5)?
0
What is (1 - -2) + 3 - 9?
-3
What is the value of 3 + -5 + 2 + -4 - -4?
0
Evaluate (0 - 6) + -1 + 10.
3
Calculate (-24 - -19) + (-2 - -7) - 2.
-2
5 - (4 + -2 + 0)
3
Evaluate 29 + -13 + -1 + -7.
8
4 - (-5 + 4 + 0)
5
What is the value of 7 - 0 - 12 - -1?
-4
What is the value of 2 + 0 + (-9 - -7) + -7?
-7
7 - (4 - 12 - (4 + -11))
8
Evaluate (21 - 14) + (3 - 7 - -4).
7
Calculate -6 + 0 - (2 - (4 + 4)).
0
What is 2 + (1 - 2) - -1?
2
Calculate (5 - (-1 + 1 + 2)) + 5.
8
Calculate 7 - (-1 + -1 - (4 + -13)).
0
Calculate -1 + 3 - (-2 - 0) - 3.
1
0 - (7 - 19) - 5
7
Evaluate 3 + (2 - 3) - (9 - 2).
-5
What is (-3 - -8 - 11) + 7?
1
2 + (-4 - -4 - -2)
4
Calculate -4 - (-18 - (-4 + -7 + 6)).
9
Evaluate 111 + -121 + 1 + 5.
-4
Evaluate (1 - 4 - -2) + 3.
2
What is the value of 2 - (1 - (-4 - 0))?
-3
Calculate -1 - (3 + -3 + -3).
2
Calculate -5 - (5 + -2) - -8 - 3.
-3
What is the value of 1 + -1 + 1 - 0 - -4?
5
What is the value of (120 - 124) + 1 + 6?
3
Evaluate -2 + (1 - (0 + 1 - -3)).
-5
What is the value of 4 + -2 + 0 + -5?
-3
What is the value of 3 + (-2 - 0) + 0?
1
4 + -7 + 4 + (-1 - 5)
-5
Calculate -2 + -1 - (-1 - 6).
4
Evaluate -7 + (2 - 2) - -3.
-4
Calculate 2 - -2 - (-4 - -3 - -3).
2
2 - (2 + (-5 - -4)) - 4
-3
Evaluate (4 - 9) + 16 + -5.
6
3 + -4 + (-5 - -6) + 7
7
What is 14 + -7 + 3 + -7?
3
What is the value of -6 - (2 - -1 - 7)?
-2
What is the value of (5 + 2 - 2) + 108 + -108?
5
-1 + 2 + (-5 - (-1 - 9))
6
What is the value of 6 + -14 + 0 - -8?
0
What is the value of 3 - 0 - (9 - 15 - -7)?
2
Calculate -4 - (8 + -8 + -6).
2
6 + (8 + -13 - 4)
-3
What is the value of 3 + (-4 - (4 - 5) - -4)?
4
Evaluate -8 - (5 - 4 - 4).
-5
Calculate 4 + (2 - (7 - -3)).
-4
Evaluate -3 - 3 - (1 - 4).
-3
-10 - -4 - (-2 - 3)
-1
What is (-14 - -1) + 8 + 5?
0
What is the value of 68 + -69 - (-1 - -3)?
-3
Calculate 7 + -6 + (2 + -2 - -5).
6
What is -1 + 0 + 8 - (2 - 0)?
5
Calculate -1 - -3 - (4 + 4 - 4).
-2
What is the value of 0 + (0 - (-4 - 1))?
5
(0 - 0) + -1 - (-21 + 22)
-2
What is the value of 3 + 0 + (7 - 2 - 6)?
2
Evaluate 6 - (1 + 9 + -1).
-3
-5 + 1 + (0 - -6) + -9
-7
What is 7 - 4 - -5 - 2 - 12?
-6
What is 5 + (-9 + 0 - (-21 + 18))?
-1
Calculate 1 + 1 + (-4 - -2) + -1.
-1
Calculate -10 + -2 + 9 + 1.
-2
-5 + 2 - (-2 + (24 - 16))
-9
What is the value of -2 + (3 + -2 - 0) - 3?
-4
What is the value of 2 - (-4 - -12 - (8 + -5))?
-3
Evaluate -3 + 1 - (-3 + 5).
-4
Evaluate (-2 - 7 - 2) + 6.
-5
-10 + (-12 - -7 - -12)
-3
Calculate (1 - -4) + (-2 - 4) - 4.
-5
(1 + -9 - (0 - 3)) + 0
-5
Evaluate (3 + 2 - -2) + (0 - 7).
0
Calculate (-3 + -1 - -6) + 2.
4
What is -1 + 12 - (-48 + 60)?
-1
What is 5 + -4 - -5 - 4?
2
What is 0 - (0 + -5 + -5 - -4)?
6
2 + -5 + (3 - 3)
-3
(-2 + 1 - -3) + -3 + 5
4
What is 14 + -9 - 6 - (-6 + 1)?
4
5 + (2 - 6) + -3
-2
What is the value of 6 + 15 + -8 - (-2 - -7)?
8
Calculate 10 + (-19 - -6) + 7 - -3.
7
2 + -1 + -3 + 5
3
Calculate -5 - (5 + 5 + -10) - -5.
0
-2 + 5 - -1 - 0
4
What is -3 - ((1 - 3) + -1)?
0
What is the value of -3 - (-1 + 0 - (3 + 3))?
4
(17 - (-6 + 16)) + -11
-4
What is 9 - (4 - (-5 + -2))?
-2
What is the value of 17 + (-7 + 7 - 10)?
7
What is 1 + 3 + (-9 - -13)?
8
Calculate 6 + 0 + 0 + -10.
-4
What is -4 + 24 + -12 - 0?
8
What is -10 + (10 - 10 - -9)?
-1
-7 + (-3 - 2) + 8
-4
Evaluate -10 + (-10 - -8) + 2 + 1.
-9
Calculate 10 + -6 + -2 - 2.
0
What is the value of (-3 - (-4 - (-5 + 3))) + 0?
-1
Calculate 6 + 2 + (4 - 7).
5
Evaluate (-3 - -1) + -1 + 0.
-3
What is 3 + (-8 - -11) - -5?
11
What is the value of -8 - (0 - 7) - 2?
-3
Calculate 0 + 0 + -22 + (21 - -3).
2
0 + (-1 + 2 - (1 - 0))
0
6 - ((-7 - -3) + 14)
-4
What is (4 + (-3 - -1) - -1) + -5?
-2
Calculate 2 - (3 + -5) - (4 - 4).
4
Evaluate -10 - (-2 - 0 - 2).
-6
What is the value of -1 - (-2 + (-6 - -3) + 4)?
0
What is -9 + 4 - 0 - -3?
-2
Calculate 5 + -7 + -3 + 1.
-4
What is -4 + (6 - 4) + -5?
-7
What is the value of -2 + -5 + (-71 - -81)?
3
Calculate 3